{"id":2723,"date":"2020-10-01T19:33:56","date_gmt":"2020-10-01T19:33:56","guid":{"rendered":"https:\/\/feministaslucidas.org\/?page_id=2723"},"modified":"2024-07-15T20:45:45","modified_gmt":"2024-07-15T20:45:45","slug":"declaraciones","status":"publish","type":"page","link":"https:\/\/feministaslucidas.org\/index.php\/declaraciones\/","title":{"rendered":"Declaraciones"},"content":{"rendered":"\t\t<div data-elementor-type=\"wp-page\" data-elementor-id=\"2723\" class=\"elementor elementor-2723\" data-elementor-settings=\"[]\">\n\t\t\t\t\t\t<div class=\"elementor-inner\">\n\t\t\t\t\t\t\t<div class=\"elementor-section-wrap\">\n\t\t\t\t\t\t\t<section class=\"elementor-section elementor-top-section elementor-element elementor-element-65e26eb0 elementor-section-stretched elementor-section-full_width elementor-section-height-min-height elementor-section-height-default elementor-section-items-middle\" data-id=\"65e26eb0\" data-element_type=\"section\" data-settings=\"{&quot;stretch_section&quot;:&quot;section-stretched&quot;,&quot;background_background&quot;:&quot;classic&quot;}\">\n\t\t\t\t\t\t<div class=\"elementor-container elementor-column-gap-no\">\n\t\t\t\t\t\t\t<div class=\"elementor-row\">\n\t\t\t\t\t<div class=\"elementor-column elementor-col-33 elementor-top-column elementor-element elementor-element-6d9109d\" data-id=\"6d9109d\" data-element_type=\"column\">\n\t\t\t<div class=\"elementor-column-wrap\">\n\t\t\t\t\t\t\t<div class=\"elementor-widget-wrap\">\n\t\t\t\t\t\t\t\t<\/div>\n\t\t\t\t\t<\/div>\n\t\t<\/div>\n\t\t\t\t<div class=\"elementor-column elementor-col-33 elementor-top-column elementor-element elementor-element-753f9481\" data-id=\"753f9481\" data-element_type=\"column\">\n\t\t\t<div class=\"elementor-column-wrap elementor-element-populated\">\n\t\t\t\t\t\t\t<div class=\"elementor-widget-wrap\">\n\t\t\t\t\t\t<div class=\"elementor-element elementor-element-6925620d elementor-widget elementor-widget-spacer\" data-id=\"6925620d\" data-element_type=\"widget\" data-widget_type=\"spacer.default\">\n\t\t\t\t<div class=\"elementor-widget-container\">\n\t\t\t\t\t<div class=\"elementor-spacer\">\n\t\t\t<div class=\"elementor-spacer-inner\"><\/div>\n\t\t<\/div>\n\t\t\t\t<\/div>\n\t\t\t\t<\/div>\n\t\t\t\t<div class=\"elementor-element elementor-element-5a28319c elementor-widget elementor-widget-heading\" data-id=\"5a28319c\" data-element_type=\"widget\" data-widget_type=\"heading.default\">\n\t\t\t\t<div class=\"elementor-widget-container\">\n\t\t\t<h2 class=\"elementor-heading-title elementor-size-default\">Declaraciones<\/h2>\t\t<\/div>\n\t\t\t\t<\/div>\n\t\t\t\t\t\t<\/div>\n\t\t\t\t\t<\/div>\n\t\t<\/div>\n\t\t\t\t<div class=\"elementor-column elementor-col-33 elementor-top-column elementor-element elementor-element-d5fca7b\" data-id=\"d5fca7b\" data-element_type=\"column\">\n\t\t\t<div class=\"elementor-column-wrap\">\n\t\t\t\t\t\t\t<div class=\"elementor-widget-wrap\">\n\t\t\t\t\t\t\t\t<\/div>\n\t\t\t\t\t<\/div>\n\t\t<\/div>\n\t\t\t\t\t\t\t\t<\/div>\n\t\t\t\t\t<\/div>\n\t\t<\/section>\n\t\t\t\t<section class=\"elementor-section elementor-top-section elementor-element elementor-element-2e3556de elementor-section-stretched elementor-section-full_width elementor-section-height-min-height elementor-section-content-space-evenly elementor-section-items-top elementor-section-height-default\" data-id=\"2e3556de\" data-element_type=\"section\" data-settings=\"{&quot;stretch_section&quot;:&quot;section-stretched&quot;,&quot;background_background&quot;:&quot;classic&quot;}\">\n\t\t\t\t\t\t<div class=\"elementor-container elementor-column-gap-wider\">\n\t\t\t\t\t\t\t<div class=\"elementor-row\">\n\t\t\t\t\t<div class=\"elementor-column elementor-col-50 elementor-top-column elementor-element elementor-element-3e9933e0\" data-id=\"3e9933e0\" data-element_type=\"column\">\n\t\t\t<div class=\"elementor-column-wrap\">\n\t\t\t\t\t\t\t<div class=\"elementor-widget-wrap\">\n\t\t\t\t\t\t\t\t<\/div>\n\t\t\t\t\t<\/div>\n\t\t<\/div>\n\t\t\t\t<div class=\"elementor-column elementor-col-50 elementor-top-column elementor-element elementor-element-5f2aeccb\" data-id=\"5f2aeccb\" data-element_type=\"column\">\n\t\t\t<div class=\"elementor-column-wrap elementor-element-populated\">\n\t\t\t\t\t\t\t<div class=\"elementor-widget-wrap\">\n\t\t\t\t\t\t<div class=\"elementor-element elementor-element-a827da5 elementor-widget elementor-widget-shortcode\" data-id=\"a827da5\" data-element_type=\"widget\" data-widget_type=\"shortcode.default\">\n\t\t\t\t<div class=\"elementor-widget-container\">\n\t\t\t\t\t<div class=\"elementor-shortcode\"><style>.wp-show-posts-columns#wpsp-2722 {margin-left: -5em; }.wp-show-posts-columns#wpsp-2722 .wp-show-posts-inner {margin: 0 0 5em 5em; }<\/style><section id=\"wpsp-2722\" class=\" wp-show-posts\" style=\"\"><article class=\" wp-show-posts-single wpsp-clearfix post-2520 post type-post status-publish format-standard has-post-thumbnail hentry category-declaraciones\" itemtype=\"http:\/\/schema.org\/CreativeWork\" itemscope><div class=\"wp-show-posts-inner\" style=\"\">\t\t<div class=\"wp-show-posts-image  wpsp-image-left \">\n\t\t\t<a href=\"https:\/\/feministaslucidas.org\/index.php\/2020\/09\/04\/las-universidades-patriarcales-instituciones-en-decadencia\/\"  title=\"Las universidades patriarcales: instituciones en decadencia\">\t\t\t\t\t<img decoding=\"async\" src=\"https:\/\/feministaslucidas.org\/wp-content\/uploads\/2020\/09\/cole-keister-vEgVWRBr2VY-unsplash-scaled-150x150.jpg\" alt=\"Las universidades patriarcales: instituciones en decadencia\" itemprop=\"image\" class=\"left\" \/>\n\t\t\t\t<\/a>\t\t<\/div>\n\t\t\t\t\t\t\t\t<header class=\"wp-show-posts-entry-header\">\n\t\t\t\t\t\t\t<h4 class=\"wp-show-posts-entry-title\" itemprop=\"headline\"><a href=\"https:\/\/feministaslucidas.org\/index.php\/2020\/09\/04\/las-universidades-patriarcales-instituciones-en-decadencia\/\" rel=\"bookmark\">Las universidades patriarcales: instituciones en decadencia<\/a><\/h4>\t\t\t\t\t\t<\/header><!-- .entry-header -->\n\t\t\t\t\t\t\t\t\t\t\t<div class=\"wp-show-posts-entry-summary\" itemprop=\"text\">\n\t\t\t\t\t\t\t<p>Nuestras antepasadas vivieron humillaciones y persecuciones por sus luchas para acceder a la educaci\u00f3n. Las primeras mujeres que entraron a las universidades vivieron la ridiculizaci\u00f3n permanente y el hostigamiento de los hombres, que caminaban por sus pasillos y aulas con la naturalidad de quienes se sienten leg\u00edtimos poseedores del conocimiento&#8230;<\/p>\n\t\t\t\t\t\t<\/div><!-- .entry-summary -->\n\t\t\t\t\t<div class=\"wpsp-read-more\"><a title=\"Las universidades patriarcales: instituciones en decadencia\" class=\"wp-show-posts-read-more\" href=\"https:\/\/feministaslucidas.org\/index.php\/2020\/09\/04\/las-universidades-patriarcales-instituciones-en-decadencia\/\">Leer m\u00e1s<\/a><\/div><\/div><!-- wp-show-posts-inner --><div class=\"wpsp-clear\"><\/div><\/article><article class=\" wp-show-posts-single wpsp-clearfix post-2460 post type-post status-publish format-standard has-post-thumbnail hentry category-declaraciones\" itemtype=\"http:\/\/schema.org\/CreativeWork\" itemscope><div class=\"wp-show-posts-inner\" style=\"\">\t\t<div class=\"wp-show-posts-image  wpsp-image-left \">\n\t\t\t<a href=\"https:\/\/feministaslucidas.org\/index.php\/2020\/09\/02\/por-que-los-discursos-de-este-8-de-marzo-no-nos-inspiran\/\"  title=\"\u00bfPor qu\u00e9 los discursos de este 8 de marzo no nos inspiran?\">\t\t\t\t\t<img decoding=\"async\" src=\"https:\/\/feministaslucidas.org\/wp-content\/uploads\/2020\/09\/justice-amoh-hyYJKOZp2Og-unsplash-scaled-150x150.jpg\" alt=\"\u00bfPor qu\u00e9 los discursos de este 8 de marzo no nos inspiran?\" itemprop=\"image\" class=\"left\" \/>\n\t\t\t\t<\/a>\t\t<\/div>\n\t\t\t\t\t\t\t\t<header class=\"wp-show-posts-entry-header\">\n\t\t\t\t\t\t\t<h4 class=\"wp-show-posts-entry-title\" itemprop=\"headline\"><a href=\"https:\/\/feministaslucidas.org\/index.php\/2020\/09\/02\/por-que-los-discursos-de-este-8-de-marzo-no-nos-inspiran\/\" rel=\"bookmark\">\u00bfPor qu\u00e9 los discursos de este 8 de marzo no nos inspiran?<\/a><\/h4>\t\t\t\t\t\t<\/header><!-- .entry-header -->\n\t\t\t\t\t\t\t\t\t\t\t<div class=\"wp-show-posts-entry-summary\" itemprop=\"text\">\n\t\t\t\t\t\t\t<p>Sabemos que los hombres, hoy m\u00e1s que nunca, ya no pueden ocultar ni disimular su decadencia milenaria; sin embargo, siguen despiadadamente depredando la vida. Nosotras, Feministas L\u00facidas, queremos que no quede vestigio de su civilizaci\u00f3n fracasada. Por eso, no nos inspira el tejido de discursos que circula este 8 de&#8230;<\/p>\n\t\t\t\t\t\t<\/div><!-- .entry-summary -->\n\t\t\t\t\t<div class=\"wpsp-read-more\"><a title=\"\u00bfPor qu\u00e9 los discursos de este 8 de marzo no nos inspiran?\" class=\"wp-show-posts-read-more\" href=\"https:\/\/feministaslucidas.org\/index.php\/2020\/09\/02\/por-que-los-discursos-de-este-8-de-marzo-no-nos-inspiran\/\">Leer m\u00e1s<\/a><\/div><\/div><!-- wp-show-posts-inner --><div class=\"wpsp-clear\"><\/div><\/article><article class=\" wp-show-posts-single wpsp-clearfix post-2458 post type-post status-publish format-standard has-post-thumbnail hentry category-declaraciones\" itemtype=\"http:\/\/schema.org\/CreativeWork\" itemscope><div class=\"wp-show-posts-inner\" style=\"\">\t\t<div class=\"wp-show-posts-image  wpsp-image-left \">\n\t\t\t<a href=\"https:\/\/feministaslucidas.org\/index.php\/2020\/09\/02\/declaracion-de-feministas-lucidas-ante-los-acontecimientos-en-chile-24-de-octubre-de-2019\/\"  title=\"Declaraci\u00f3n de Feministas L\u00facidas ante los acontecimientos en Chile (24 de octubre de 2019)\">\t\t\t\t\t<img decoding=\"async\" src=\"https:\/\/feministaslucidas.org\/wp-content\/uploads\/2020\/09\/Untitled-1-10-150x150.png\" alt=\"Declaraci\u00f3n de Feministas L\u00facidas ante los acontecimientos en Chile (24 de octubre de 2019)\" itemprop=\"image\" class=\"left\" \/>\n\t\t\t\t<\/a>\t\t<\/div>\n\t\t\t\t\t\t\t\t<header class=\"wp-show-posts-entry-header\">\n\t\t\t\t\t\t\t<h4 class=\"wp-show-posts-entry-title\" itemprop=\"headline\"><a href=\"https:\/\/feministaslucidas.org\/index.php\/2020\/09\/02\/declaracion-de-feministas-lucidas-ante-los-acontecimientos-en-chile-24-de-octubre-de-2019\/\" rel=\"bookmark\">Declaraci\u00f3n de Feministas L\u00facidas ante los acontecimientos en Chile (24 de octubre de 2019)<\/a><\/h4>\t\t\t\t\t\t<\/header><!-- .entry-header -->\n\t\t\t\t\t\t\t\t\t\t\t<div class=\"wp-show-posts-entry-summary\" itemprop=\"text\">\n\t\t\t\t\t\t\t<p>Las Feministas L\u00facidas apoyamos y participamos de esta Revuelta, porque, como mujeres y mujeres lesbianas que hacemos \u00abpol\u00edtica de las mujeres\u00bb, siempre hemos rechazado la fuerza y el poder de los patriarcas. Hemos repudiado la guerra, los uniformes, la patria y la bandera. Nos reconocemos, adem\u00e1s, en la historia de&#8230;<\/p>\n\t\t\t\t\t\t<\/div><!-- .entry-summary -->\n\t\t\t\t\t<div class=\"wpsp-read-more\"><a title=\"Declaraci\u00f3n de Feministas L\u00facidas ante los acontecimientos en Chile (24 de octubre de 2019)\" class=\"wp-show-posts-read-more\" href=\"https:\/\/feministaslucidas.org\/index.php\/2020\/09\/02\/declaracion-de-feministas-lucidas-ante-los-acontecimientos-en-chile-24-de-octubre-de-2019\/\">Leer m\u00e1s<\/a><\/div><\/div><!-- wp-show-posts-inner --><div class=\"wpsp-clear\"><\/div><\/article><article class=\" wp-show-posts-single wpsp-clearfix post-2434 post type-post status-publish format-standard has-post-thumbnail hentry category-declaraciones\" itemtype=\"http:\/\/schema.org\/CreativeWork\" itemscope><div class=\"wp-show-posts-inner\" style=\"\">\t\t<div class=\"wp-show-posts-image  wpsp-image-left \">\n\t\t\t<a href=\"https:\/\/feministaslucidas.org\/index.php\/2020\/09\/01\/declaracion-8-de-marzo-2020\/\"  title=\"Declaraci\u00f3n 8 de Marzo 2020\">\t\t\t\t\t<img decoding=\"async\" src=\"https:\/\/feministaslucidas.org\/wp-content\/uploads\/2020\/09\/Untitled-1-9-150x150.png\" alt=\"Declaraci\u00f3n 8 de Marzo 2020\" itemprop=\"image\" class=\"left\" \/>\n\t\t\t\t<\/a>\t\t<\/div>\n\t\t\t\t\t\t\t\t<header class=\"wp-show-posts-entry-header\">\n\t\t\t\t\t\t\t<h4 class=\"wp-show-posts-entry-title\" itemprop=\"headline\"><a href=\"https:\/\/feministaslucidas.org\/index.php\/2020\/09\/01\/declaracion-8-de-marzo-2020\/\" rel=\"bookmark\">Declaraci\u00f3n 8 de Marzo 2020<\/a><\/h4>\t\t\t\t\t\t<\/header><!-- .entry-header -->\n\t\t\t\t\t\t\t\t\t\t\t<div class=\"wp-show-posts-entry-summary\" itemprop=\"text\">\n\t\t\t\t\t\t\t<p>RESTITUIR EL VALOR SOCIAL DE LAS MUJERES Las Feministas L\u00facidas reconocemos el fin del patriarcado[1]. Su ca\u00edda se ha precipitado con total estruendo. No es precisamente un final feliz. En parte, porque a\u00fan estamos rodeadas de sus muertos vivientes[2] que nos quitan la vida y nos violan. En este contexto,&#8230;<\/p>\n\t\t\t\t\t\t<\/div><!-- .entry-summary -->\n\t\t\t\t\t<div class=\"wpsp-read-more\"><a title=\"Declaraci\u00f3n 8 de Marzo 2020\" class=\"wp-show-posts-read-more\" href=\"https:\/\/feministaslucidas.org\/index.php\/2020\/09\/01\/declaracion-8-de-marzo-2020\/\">Leer m\u00e1s<\/a><\/div><\/div><!-- wp-show-posts-inner --><div class=\"wpsp-clear\"><\/div><\/article><\/section><!-- .wp-show-posts --><\/div>\n\t\t\t\t<\/div>\n\t\t\t\t<\/div>\n\t\t\t\t\t\t<\/div>\n\t\t\t\t\t<\/div>\n\t\t<\/div>\n\t\t\t\t\t\t\t\t<\/div>\n\t\t\t\t\t<\/div>\n\t\t<\/section>\n\t\t\t\t\t\t<\/div>\n\t\t\t\t\t\t<\/div>\n\t\t\t\t\t<\/div>\n\t\t","protected":false},"excerpt":{"rendered":"<p>Declaraciones<\/p>\n","protected":false},"author":1,"featured_media":0,"parent":0,"menu_order":0,"comment_status":"closed","ping_status":"closed","template":"","meta":{"_monsterinsights_skip_tracking":false,"_monsterinsights_sitenote_active":false,"_monsterinsights_sitenote_note":"","_monsterinsights_sitenote_category":0,"footnotes":""},"categories":[],"tags":[],"_links":{"self":[{"href":"https:\/\/feministaslucidas.org\/index.php\/wp-json\/wp\/v2\/pages\/2723"}],"collection":[{"href":"https:\/\/feministaslucidas.org\/index.php\/wp-json\/wp\/v2\/pages"}],"about":[{"href":"https:\/\/feministaslucidas.org\/index.php\/wp-json\/wp\/v2\/types\/page"}],"author":[{"embeddable":true,"href":"https:\/\/feministaslucidas.org\/index.php\/wp-json\/wp\/v2\/users\/1"}],"replies":[{"embeddable":true,"href":"https:\/\/feministaslucidas.org\/index.php\/wp-json\/wp\/v2\/comments?post=2723"}],"version-history":[{"count":16,"href":"https:\/\/feministaslucidas.org\/index.php\/wp-json\/wp\/v2\/pages\/2723\/revisions"}],"predecessor-version":[{"id":4965,"href":"https:\/\/feministaslucidas.org\/index.php\/wp-json\/wp\/v2\/pages\/2723\/revisions\/4965"}],"wp:attachment":[{"href":"https:\/\/feministaslucidas.org\/index.php\/wp-json\/wp\/v2\/media?parent=2723"}],"wp:term":[{"taxonomy":"category","embeddable":true,"href":"https:\/\/feministaslucidas.org\/index.php\/wp-json\/wp\/v2\/categories?post=2723"},{"taxonomy":"post_tag","embeddable":true,"href":"https:\/\/feministaslucidas.org\/index.php\/wp-json\/wp\/v2\/tags?post=2723"}],"curies":[{"name":"wp","href":"https:\/\/api.w.org\/{rel}","templated":true}]}}